ided by 35.
32
Suppose 2*o - 4*k = 62, 0 = 2*o - 5*k - 58 - 7. Calculate the remainder when 97 is divided by o.
22
Let u = -11 + 14. Calculate the remainder when 4 is divided by u.
1
Let c = 170 - 54. What is the remainder when c is divided by 40?
36
Let x = -70 - -105. What is the remainder when x is divided by 22?
13
Suppose 0*p = p - a - 2, 0 = p - 5*a - 10. Suppose 0 = -4*v - p*v + 40. Suppose 3*h + 130 = 5*r, -2*h = -6 - 4. Calculate the remainder when r is divided by v.
9
Suppose -4*i = i - 170. What is the remainder when 100 is divided by i?
32
Suppose 3*h - 71 = 2*w - 6*w, 76 = 3*h + 5*w. Calculate the remainder when h is divided by 6.
5
Suppose 0 = 9*o - 4*o - 20. Suppose 0 = h - 2*s - 18 + 4, 0 = -o*h - s + 38. What is the remainder when h is divided by 7?
3
Let y = -5 - -2. Let x = 7 + y. Calculate the remainder when 9*1 + 1 + -3 is divided by x.
3
Suppose -6*i = 48 + 36. Let b(k) = -k**2 - 14*k + 6. Calculate the remainder when 9 is divided by b(i).
3
Suppose 51 = -5*a + 8*a. Calculate the remainder when 32 is divided by a.
15
Let c(r) be the third derivative of 0*r - 1/8*r**4 - 3*r**2 - 1/120*r**6 + 1/10*r**5 + 0 - 2/3*r**3. Calculate the remainder when 47 is divided by c(4).
15
Suppose 0*m = 4*m + 4*n - 44, 2*n - 10 = 0. Suppose -2*v + 0*v = -46. Calculate the remainder when v is divided by m.
5
Suppose -3*b = o + 4*o - 76, 5*b + 49 = 2*o. What is the remainder when 84 is divided by o?
16
Suppose -g + 2*g = 39. What is the remainder when g is divided by 10?
9
Let o(y) = y**2 + 4*y - 17. What is the remainder when 7 is divided by o(-7)?
3
Suppose -119 = -5*x - 4*k + 222, 4*x + 3*k - 273 = 0. Calculate the remainder when x is divided by 18.
15
What is the remainder when 13 is divided by (-9)/21 + 24/7?
1
Suppose c + 8 = -2*x, 0*c + c = 2*x + 8. Let v = 20 + -17. Suppose 5*m + 0*m - 5 = c, 0 = -2*y + v*m + 35. What is the remainder when y is divided by 7?
5
Suppose 0 = 6*h - h - 35. What is the remainder when h is divided by 4?
3
Let h(v) = -4*v - 1. Let p be h(-2). Let d(f) = f - 4. Let a be d(0). Let t = a + p. Calculate the remainder when t is divided by 2.
1
Let o = -2 - -33. What is the remainder when o is divided by 4/14 + 75/7?
9
Let c(t) = 4*t**2 - 2*t - 2. Let a be c(-2). Suppose 0 = 2*o + o + 33. Let b = a + o. Calculate the remainder when b is divided by 3.
1
Suppose 2*k = 6*k - 156. Let f = 107 - k. What is the remainder when f is divided by 23?
22
Let p(m) be the first derivative of m**5/30 + m**4/12 - m**3 + 1. Let w(s) be the third derivative of p(s). What is the remainder when 28 is divided by w(2)?
8
Let l(y) = 3*y - 2. Let r be l(2). Let d = 17 - r. Calculate the remainder when d is divided by 5.
3
Suppose 2 = -0*d - d. Let b = 2 + d. Calculate the remainder when 0 - (-28 + (1 - b)) is divided by 14.
13
Suppose 37 = 5*j - 28. Suppose 5*l - 214 = 5*a - 29, 0 = 5*l - 20. Let x = 58 + a. Calculate the remainder when x is divided by j.
12
Suppose -50 - 4 = -2*f. Calculate the remainder when f is divided by 28*((-1)/2 - -1).
13
Suppose 3*l + 11*l = 546. Let r = 66 - 46. Suppose -u + 5*u = -r, u - 95 = -5*o. Calculate the remainder when l is divided by o.
19
What is the remainder when 1816/24 + 4/(-6) is divided by 20?
15
Suppose -6 - 21 = -v. Calculate the remainder when 80 is divided by v.
26
Suppose 0 = 3*f + 6 - 39. Suppose g - 5*a - 20 = -4*g, -3*g - 4*a = -5. Calculate the remainder when f is divided by 46/8 + g/12.
5
Let k(l) = l**3 - 15*l**2 - 16*l + 11. What is the remainder when 29 is divided by k(16)?
7
Suppose -5*a = -2*a - 174. What is the remainder when (a/6)/((-3)/(-9)) is divided by 10?
9
Let h be ((-2)/(-6))/((-8)/1032). Let s = h + 62. What is the remainder when s is divided by 11?
8
Let j = -95 + 157. What is the remainder when j is divided by 16?
14
Let x be (18/15)/(1/5). Let h(f) = 6*f - 3. What is the remainder when h(x) is divided by 17?
16
Suppose 6*m = 10*m - 356. Calculate the remainder when m is divided by 23.
20
Let v = -3 + 6. Suppose -4*s - 3*i = -148, 2*s = -v*i - i + 64. Suppose -u + 2*g + 3 = -15, 64 = 4*u - 4*g. What is the remainder when s is divided by u?
12
Suppose 2*n = -3*p + 23, 2*p - 3*p + 1 = 2*n. Suppose -5*i - 42 = -147. Calculate the remainder when i is divided by p.
10
Let i be -2 - (-2 - -5) - -1. What is the remainder when 30 is divided by i/((1/(-4))/1)?
14
Suppose -s + 13 = -p, 5*p + 50 = 3*s + 1. Let d = 8 - 4. Suppose d*i = 24 + s. Calculate the remainder when 30 is divided by i.
6
Calculate the remainder when 38 is divided by (16 - 3)/1 - -1.
10
Let c = 79 + -48. What is the remainder when c is divided by 6?
1
Suppose -4*d - 3*x + 109 = 22, -18 = -d + 3*x. Calculate the remainder when 60 is divided by d.
18
Suppose 4*q + 0*n = 2*n + 90, -4*q + n = -91. Let l = 39 - q. What is the remainder when 30 is divided by l?
14
Suppose -4*w + 67 = v, -v + 33 = 2*w - 0*w. Calculate the remainder when 66 is divided by w.
15
Let z(g) = g**2 - 12*g. What is the remainder when z(13) is divided by 3?
1
Calculate the remainder when 125 is divided by (-11544)/(-273) - (5/(-7) - -1).
41
Let x(g) = -g + 10. Suppose -9*h + 8*h = 0. What is the remainder when 29 is divided by x(h)?
9
Let t(m) = m**3 + 6*m**2 - 4*m - 8. Calculate the remainder when 74 is divided by t(-6).
10
Let f(l) = 12*l**2 + 2*l - 1. Let s = -11 - -12. Let r(m) = m**2 - m + 37. What is the remainder when r(0) is divided by f(s)?
11
Let f = 23 + -9. Let n = 10 - 6. Suppose -g = -n*g + s + 29, 5*g = -4*s + 20. Calculate the remainder when f is divided by g.
6
Let x(a) = a**3 + a**2 - a - 1. Let d be x(-1). Suppose 2*y + y - 84 = d. What is the remainder when y is divided by 10?
8
Suppose 4*x = 4*i - 16 - 16, 5*i = -5*x. Calculate the remainder when 6 is divided by i.
2
Suppose -2*t - 62 = -w - 4, 0 = 4*t - 3*w + 112. Let g = 57 + t. What is the remainder when 77 is divided by g?
25
Let c = 26 + -7. Suppose v = 2*v - 5. Calculate the remainder when c is divided by v.
4
What is the remainder when (-5 - (-6 - -3))/(2/(-14)) is divided by 10?
4
Let a = 32 - -3. Suppose -4*w + a = w. Suppose 0 = 2*u - 6*u + 16. Calculate the remainder when w is divided by u.
3
Suppose 4*b - 2*d - 104 = 0, 2*b + b + 2*d - 64 = 0. Let f = b - -2. Suppose 0 = 2*j - 6 - 2, -2*q + f = 4*j. Calculate the remainder when q is divided by 3.
2
Let b = -2 - -11. Calculate the remainder when (42/4)/3*10 is divided by b.
8
Let o(c) = -3*c + 2. Let i = -31 - -67. Let r be 4/10 - i/15. What is the remainder when o(r) is divided by 3?
2
Let o(d) be the first derivative of -3/2*d**2 + 3*d - 1/3*d**3 + 3. Calculate the remainder when 4 is divided by o(-3).
1
Let t be (-72)/(-16) + (-1)/2. Suppose t = -2*u, g - u = u + 6. Suppose -g*h + h = -10. What is the remainder when 28 is divided by h?
8
Suppose -3*n - 2*n = -100. Let s(p) be the third derivative of -p**4/8 - 2*p**3/3 - 2*p**2. Calculate the remainder when n is divided by s(-5).
9
Suppose -3*r + 4*l = -121, -58 = -2*r - 3*l + 34. What is the remainder when r is divided by (-6)/(-15) + (-113)/(-5)?
20
Suppose 3*n - 5 = 2*g - 0*g, -4*n - 2*g = -30. Suppose r = -3 + n. What is the remainder when 1 + (-12)/(-3 + 0) is divided by r?
1
Suppose s - 3*s = -4*k - 30, 0 = 2*s + 4*k - 14. What is the remainder when s is divided by 3?
2
Let o be (-1 - 2) + 0 + 7. Suppose -v + 11 = o. What is the remainder when v is divided by 3?
1
What is the remainder when 13 is divided by (1/1)/(3/((-231)/(-7)))?
2
Let t(y) = y**3 - 8*y**2 + 4. What is the remainder when 43 is divided by t(8)?
3
Let k(z) = 23*z. Suppose h + 3*h = 4. Let b be k(h). Let q = 36 - b. What is the remainder when 38 is divided by q?
12
Suppose -6*g = -6 - 102. What is the remainder when 106 is divided by g?
16
Let d = 1 - -2. Suppose q = -2*c + 8, -14 = -5*c - 5*q + 4*q. What is the remainder when d is divided by c?
1
Suppose -4*u - 5*s = -133 + 52, -3*u + 5*s = -52. Suppose 67 - u = 3*g. What is the remainder when 60 is divided by g?
12
Let x = 34 - 19. What is the remainder when 59 is divided by x?
14
Suppose 0 = 2*c - 51 - 9. Let t = 14 - 5. What is the remainder when (-6)/c + 166/5 is divided by t?
6
Let m(t) = -41*t**3 + t**2 + t + 1. Let k be m(-1). Suppose 9 + k = i. What is the remainder when i is divided by 16 - 0 - 2/(-1)?
15
Suppose -484 = -